{"id":380,"date":"2015-08-04T03:14:56","date_gmt":"2015-08-04T03:14:56","guid":{"rendered":"http:\/\/builder.zooka.io\/?page_id=380"},"modified":"2017-03-29T10:47:34","modified_gmt":"2017-03-29T10:47:34","slug":"contact-2","status":"publish","type":"page","link":"https:\/\/www.stropy-filigran.pl\/?page_id=380","title":{"rendered":"SKONTAKTUJ SI\u0118"},"content":{"rendered":"[vc_row css=&#8221;.vc_custom_1438421533811{margin-bottom: 0px !important;}&#8221;][vc_column css=&#8221;.vc_custom_1438421510815{margin-bottom: 20px !important;}&#8221;][thememove_gmaps address=&#8221;51.990906, 21.180369&#8243; map_height=&#8221;370&#8243; marker_icon=&#8221;1205&#8243;]ul. Adamowicza 1, 05-530 G\u00f3ra Kalwaria[\/thememove_gmaps][\/vc_column][\/vc_row][vc_row css=&#8221;.vc_custom_1438422197296{margin-bottom: 0px !important;}&#8221;][vc_column width=&#8221;2\/3&#8243;][vc_custom_heading text=&#8221;Wy\u015blij wiadomo\u015b\u0107&#8221; font_container=&#8221;tag:div|font_size:26|text_align:left|color:%23000000&#8243; use_theme_fonts=&#8221;yes&#8221; css=&#8221;.vc_custom_1486240353455{margin-bottom: 20px !important;}&#8221;][vc_custom_heading text=&#8221;Je\u017celi masz w\u0105tpliwo\u015bci, czy zastosowa\u0107 strop FILIGRAN na swojej budowie, to przy\u015blij nam rysunki stropu ze swojej dokumentacji, a my pomo\u017cemy Ci podj\u0105\u0107 decyzj\u0119.&#8221; font_container=&#8221;tag:div|font_size:15|text_align:left|color:%23999999&#8243; use_theme_fonts=&#8221;yes&#8221; css=&#8221;.vc_custom_1490548896758{margin-top: 20px !important;margin-bottom: 30px !important;}&#8221;]\n<div class=\"wpcf7 no-js\" id=\"wpcf7-f390-o1\" lang=\"en-US\" dir=\"ltr\">\n<div class=\"screen-reader-response\"><p role=\"status\" aria-live=\"polite\" aria-atomic=\"true\"><\/p> <ul><\/ul><\/div>\n<form action=\"\/index.php?rest_route=%2Fwp%2Fv2%2Fpages%2F380#wpcf7-f390-o1\" method=\"post\" class=\"wpcf7-form init\" aria-label=\"Contact form\" enctype=\"multipart\/form-data\" novalidate=\"novalidate\" data-status=\"init\">\n<div style=\"display: none;\">\n<input type=\"hidden\" name=\"_wpcf7\" value=\"390\" \/>\n<input type=\"hidden\" name=\"_wpcf7_version\" value=\"5.7.7\" \/>\n<input type=\"hidden\" name=\"_wpcf7_locale\" value=\"en_US\" \/>\n<input type=\"hidden\" name=\"_wpcf7_unit_tag\" value=\"wpcf7-f390-o1\" \/>\n<input type=\"hidden\" name=\"_wpcf7_container_post\" value=\"0\" \/>\n<input type=\"hidden\" name=\"_wpcf7_posted_data_hash\" value=\"\" \/>\n<\/div>\n<div class=\"row contact_form2\">\n\t<div class=\"col-md-6\">\n\t\t<p><span class=\"wpcf7-form-control-wrap\" data-name=\"your-name\"><input size=\"40\" class=\"wpcf7-form-control wpcf7-text wpcf7-validates-as-required\" aria-required=\"true\" aria-invalid=\"false\" placeholder=\"IMI\u0118\" value=\"\" type=\"text\" name=\"your-name\" \/><\/span>\n\t\t<\/p>\n\t<\/div>\n\t<div class=\"col-md-6\">\n\t\t<p><span class=\"wpcf7-form-control-wrap\" data-name=\"your-phone\"><input size=\"40\" class=\"wpcf7-form-control wpcf7-text wpcf7-tel wpcf7-validates-as-tel\" aria-invalid=\"false\" placeholder=\"TELEFON\" value=\"\" type=\"tel\" name=\"your-phone\" \/><\/span>\n\t\t<\/p>\n\t<\/div>\n\t<div class=\"col-md-12\">\n\t\t<p><span class=\"wpcf7-form-control-wrap\" data-name=\"your-email\"><input size=\"40\" class=\"wpcf7-form-control wpcf7-text wpcf7-email wpcf7-validates-as-required wpcf7-validates-as-email\" aria-required=\"true\" aria-invalid=\"false\" placeholder=\"EMAIL\" value=\"\" type=\"email\" name=\"your-email\" \/><\/span>\n\t\t<\/p>\n\t<\/div>\n\t<div class=\"col-md-12\">\n\t\t<p><span class=\"wpcf7-form-control-wrap\" data-name=\"your-message\"><textarea cols=\"40\" rows=\"10\" class=\"wpcf7-form-control wpcf7-textarea wpcf7-validates-as-required\" aria-required=\"true\" aria-invalid=\"false\" placeholder=\"WIADOMO\u015a\u0106\" name=\"your-message\"><\/textarea><\/span><br \/>\n<span class=\"wpcf7-form-control-wrap\" data-name=\"file-48\"><input size=\"40\" class=\"wpcf7-form-control wpcf7-file\" accept=\".jpg,.jpeg,.pdf\" aria-invalid=\"false\" type=\"file\" name=\"file-48\" \/><\/span><br \/>\n<span class=\"wpcf7-form-control-wrap\" data-name=\"file-49\"><input size=\"40\" class=\"wpcf7-form-control wpcf7-file\" accept=\".jpg,.jpeg,.pdf\" aria-invalid=\"false\" type=\"file\" name=\"file-49\" \/><\/span><br \/>\nZawiadamiamy, \u017ce administratorem Pa\u0144stwa danych osobowych podanych przez Pa\u0144stwa dobrowolnie w powy\u017cszym formularzu jest TRIAL-II Stropy FILIGRAN Marek Borecki z siedzib\u0105 w G\u00f3ra Kalwaria przy ul. Adamowicza 1. Wszelkie pytania i w\u0105tpliwo\u015bci prosimy kierowa\u0107 do naszego administratora danych, na adres biuro@borecki.com.pl. Pa\u0144stwa dane przetwarzane b\u0119d\u0105 wy\u0142\u0105cznie w celu udzielenia odpowiedzi na zapytanie z godnie z zasad\u0105, kt\u00f3ra g\u0142osi, \u017ce przetwarzanie danych jest zgodne z prawem je\u017celi jest niezb\u0119dne w celu realizacji umowy lub przed jej zawarciem. W przypadku wyra\u017cenia opcjonalnej zgody, dane b\u0119d\u0105 r\u00f3wnie\u017c wykorzystywane do przesy\u0142ania tre\u015bci marketingowych. W celu uzyskania tre\u015bci marketingowych, oferty na pro\u015bb\u0119 skierowan\u0105 przez Pa\u0144stwa, nale\u017cy r\u00f3wnie\u017c wyrazi\u0107 zgod\u0119 na przetwarzanie danych osobowych w celach marketingowych znajduj\u0105c\u0105 si\u0119 poni\u017cej.\n\t\t<\/p>\n\t\t<p><span class=\"wpcf7-form-control-wrap\" data-name=\"checkbox-380\"><span class=\"wpcf7-form-control wpcf7-checkbox wpcf7-validates-as-required\"><span class=\"wpcf7-list-item first last\"><input type=\"checkbox\" name=\"checkbox-380[]\" value=\"Potwierdzam zapoznanie si\u0119 z obowi\u0105zkiem informacyjnym i wyra\u017cam zgod\u0119 na przetwarzanie danych osobowych przez TRIAL-II Stropy FILIGRAN Marek Borecki w celu odpowiedzi na zapytanie (pole obowi\u0105zkowe w celu otrzymania odpowiedzi na zapytanie).\" \/><span class=\"wpcf7-list-item-label\">Potwierdzam zapoznanie si\u0119 z obowi\u0105zkiem informacyjnym i wyra\u017cam zgod\u0119 na przetwarzanie danych osobowych przez TRIAL-II Stropy FILIGRAN Marek Borecki w celu odpowiedzi na zapytanie (pole obowi\u0105zkowe w celu otrzymania odpowiedzi na zapytanie).<\/span><\/span><\/span><\/span>\n\t\t<\/p>\n\t\t<p><span class=\"wpcf7-form-control-wrap\" data-name=\"checkbox-114\"><span class=\"wpcf7-form-control wpcf7-checkbox\"><span class=\"wpcf7-list-item first last\"><input type=\"checkbox\" name=\"checkbox-114[]\" value=\"Wyra\u017cam zgod\u0119 na przetwarzanie danych osobowych przez TRIAL-II Stropy FILIGRAN Marek Borecki, w celu przesy\u0142ania tre\u015bci marketingowych w tym ofert handlowych na m\u00f3j adres e-mail podany w formularzu kontaktowym (pole nieobowi\u0105zkowe). Informujemy, \u017ce Pa\u0144stwa zgoda mo\u017ce zosta\u0107 cofni\u0119ta w dowolnym momencie przez wys\u0142anie wiadomo\u015bci e-mail na adres e-mail administratora: biuro@borecki.com.pl. Wiadomo\u015b\u0107 do administratora musi by\u0107 skierowana z adresu, kt\u00f3rego zgoda dotyczy.\" \/><span class=\"wpcf7-list-item-label\">Wyra\u017cam zgod\u0119 na przetwarzanie danych osobowych przez TRIAL-II Stropy FILIGRAN Marek Borecki, w celu przesy\u0142ania tre\u015bci marketingowych w tym ofert handlowych na m\u00f3j adres e-mail podany w formularzu kontaktowym (pole nieobowi\u0105zkowe). Informujemy, \u017ce Pa\u0144stwa zgoda mo\u017ce zosta\u0107 cofni\u0119ta w dowolnym momencie przez wys\u0142anie wiadomo\u015bci e-mail na adres e-mail administratora: biuro@borecki.com.pl. Wiadomo\u015b\u0107 do administratora musi by\u0107 skierowana z adresu, kt\u00f3rego zgoda dotyczy.<\/span><\/span><\/span><\/span><br \/>\n[anr_nocaptcha g-recaptcha-response]<br \/>\n<input class=\"wpcf7-form-control has-spinner wpcf7-submit\" type=\"submit\" value=\"WY\u015aLIJ\" \/>\n\t\t<\/p>\n\t<\/div>\n<\/div><div class=\"wpcf7-response-output\" aria-hidden=\"true\"><\/div>\n<\/form>\n<\/div>\n[\/vc_column][vc_column width=&#8221;1\/3&#8243;][vc_empty_space][vc_column_text]\r\n<h2><strong>TRIAL-II Stropy FILIGRAN<\/strong><\/h2>\r\n<h4>Marek Borecki<\/h4>\r\n[\/vc_column_text][vc_raw_html el_class=&#8221;contact-info&#8221;]JTNDcCUzRSUzQ2klMjBjbGFzcyUzRCUyMmZhJTIwZmEtbWFwLW1hcmtlciUyMiUzRSUzQyUyRmklM0UlMjB1bC4lMjBBZGFtb3dpY3phJTIwMSUyQyUyMDA1LTUzMCUyMEclQzMlQjNyYSUyMEthbHdhcmlhJTNDJTJGcCUzRSUzQ3AlM0UlM0NpJTIwY2xhc3MlM0QlMjJmYSUyMGZhLXBob25lJTIyJTNFJTNDJTJGaSUzRSUyMCUyQjQ4JTIwNTAxJTIwNTA0JTIwNjQ5JTIwbHViJTIwMjIlMjA3MjclMjAxOSUyMDc2JTNDJTJGcCUzRSUzQ3AlM0UlM0NpJTIwY2xhc3MlM0QlMjJmYSUyMGZhLWVudmVsb3BlJTIyJTNFJTNDJTJGaSUzRSUyMGJpdXJvJTQwYm9yZWNraS5jb20ucGwlM0MlMkZwJTNFJTNDcCUzRSUzQ2klMjBjbGFzcyUzRCUyMmZhJTIwZmEtY2xvY2stbyUyMiUzRSUzQyUyRmklM0UlMjBQb24lMjAlRTIlODAlOTMlMjBQdCUzQSUyMDglM0EwMCUyMCVFMiU4MCU5MyUyMDE2JTNBMDAlM0MlMkZwJTNF[\/vc_raw_html][\/vc_column][vc_column][vc_row_inner][vc_column_inner][\/vc_column_inner][\/vc_row_inner][\/vc_column][\/vc_row][vc_row][vc_column][\/vc_column][\/vc_row]","protected":false},"excerpt":{"rendered":"<p>[vc_row css=&#8221;.vc_custom_1438421533811{margin-bottom: 0px !important;}&#8221;][vc_column css=&#8221;.vc_custom_1438421510815{margin-bottom: 20px !important;}&#8221;][thememove_gmaps address=&#8221;51.990906, 21.180369&#8243; map_height=&#8221;370&#8243; marker_icon=&#8221;1205&#8243;]ul. Adamowicza 1, 05-530 G\u00f3ra Kalwaria[\/thememove_gmaps][\/vc_column][\/vc_row][vc_row css=&#8221;.vc_custom_1438422197296{margin-bottom: 0px !important;}&#8221;][vc_column width=&#8221;2\/3&#8243;][vc_custom_heading [&hellip;]<\/p>\n","protected":false},"author":1,"featured_media":0,"parent":0,"menu_order":0,"comment_status":"open","ping_status":"open","template":"","meta":[],"_links":{"self":[{"href":"https:\/\/www.stropy-filigran.pl\/index.php?rest_route=\/wp\/v2\/pages\/380"}],"collection":[{"href":"https:\/\/www.stropy-filigran.pl\/index.php?rest_route=\/wp\/v2\/pages"}],"about":[{"href":"https:\/\/www.stropy-filigran.pl\/index.php?rest_route=\/wp\/v2\/types\/page"}],"author":[{"embeddable":true,"href":"https:\/\/www.stropy-filigran.pl\/index.php?rest_route=\/wp\/v2\/users\/1"}],"replies":[{"embeddable":true,"href":"https:\/\/www.stropy-filigran.pl\/index.php?rest_route=%2Fwp%2Fv2%2Fcomments&post=380"}],"version-history":[{"count":33,"href":"https:\/\/www.stropy-filigran.pl\/index.php?rest_route=\/wp\/v2\/pages\/380\/revisions"}],"predecessor-version":[{"id":1539,"href":"https:\/\/www.stropy-filigran.pl\/index.php?rest_route=\/wp\/v2\/pages\/380\/revisions\/1539"}],"wp:attachment":[{"href":"https:\/\/www.stropy-filigran.pl\/index.php?rest_route=%2Fwp%2Fv2%2Fmedia&parent=380"}],"curies":[{"name":"wp","href":"https:\/\/api.w.org\/{rel}","templated":true}]}}